 55*s + 38. What is the ten thousands digit of g(-14)?
1
Let x be 40*(77/(-28))/(-11). What is the tens digit of 240/(-36)*(2484/x)/(-3)?
5
Let c(u) = -1148*u - 27. Let p be c(1). Let g = p + 2356. What is the hundreds digit of g?
1
Let t(c) = -3 + c + 68*c**2 + 11 - 9. Let o be t(-2). Suppose 599 = 7*d - o. What is the tens digit of d?
2
Suppose 3*n + 3 = 0, -3*b = 14*n - 15*n - 1633. Let r = -127 + b. What is the hundreds digit of r?
4
Suppose -4*o - 68 = -84, 46669 = 3*l - 5*o. What is the thousands digit of l?
5
Suppose -40 = -5*q - 15. Suppose 844 = 4*l + q*i, -865 = -3*l - i - 232. Let b = l - 110. What is the tens digit of b?
0
Suppose -126 = 3*h - 4*h. Suppose v - h = 280. What is the hundreds digit of v?
4
Let m(k) = -1720*k - 51. What is the ten thousands digit of m(-9)?
1
Let d = -21926 + 31326. What is the tens digit of d?
0
What is the units digit of (-624)/(-2184) - (-1 + (-36279)/7)?
4
Let j(n) = 181*n**2 - 285*n - 27. What is the ten thousands digit of j(-10)?
2
Let u(g) = 11 - 4*g + 8 + 5. Let p be u(5). What is the units digit of ((-2)/p)/(9/(-1962))?
9
Suppose 135*g - 330261 - 704244 = 0. What is the hundreds digit of g?
6
Let u be 6/7*210/(-15). Let n be 414/15 - (-10)/25. What is the units digit of 189/n + (-3)/u?
7
Let k be ((-92)/(-69))/((-10)/18 - -1). Suppose 789 - k = 2*y. What is the tens digit of y?
9
Suppose -92*v = -262*v + 84830. What is the units digit of v?
9
Suppose 415 = 3*r - 50. Let w = 314 - r. What is the tens digit of w?
5
Let u = 26107 + 18961. What is the ten thousands digit of u?
4
Let y be 125196/48 - 3/12. Suppose 0 = -8*t + 24*t - y. What is the units digit of t?
3
Let o = 5333 + 1756. What is the thousands digit of o?
7
Let u be -2 - (-1 + (1 - -1)). Let c(a) = 6 + 291*a**2 - 3*a**3 - 160*a**2 - 3*a - 136*a**2. What is the tens digit of c(u)?
5
Suppose 31*v - 127*v + 1551936 = 0. What is the ten thousands digit of v?
1
Let f be -101*(-6)/(-6) - (-1 - 2). Let t be 2/9 + f/(-126). What is the tens digit of (t + -2 - -4) + (-47 - -257)?
1
Let j(o) = -5037*o - 56. What is the hundreds digit of j(-3)?
0
Suppose -49617 = -3*j - 22*x + 26*x, -2*j + x + 33093 = 0. What is the tens digit of j?
5
Suppose 6*b - b - 29103 = 2*z, 0 = 4*b + 4*z - 23260. What is the hundreds digit of b?
8
Suppose -174*t - 75*t = -61*t - 3115348. What is the units digit of t?
1
Let j = -1356 - -2878. What is the tens digit of j?
2
Let s = 96 + -91. Suppose 4*r - 19 = 113. Suppose s*a + r = 363. What is the units digit of a?
6
Let k(v) = v**2 + 5. Let o be k(21). Suppose 5*d = -4*q + 1823, q - d - o = d. What is the units digit of q?
2
Let f(d) = -3*d + 11. Let a be f(3). What is the units digit of (1 - a)/((-1 + 4)/(-213))?
1
Suppose 859*y - 10696 = 851*y. Suppose d - 180 = y. What is the thousands digit of d?
1
Let a(t) = -t**3 - 27*t**2 + 29*t - 42. Let b be a(-28). What is the hundreds digit of (-7670)/b + (27/21)/3?
1
Let q(w) be the first derivative of -w**4/4 + w**3/3 - 7*w**2/2 - 25. Suppose 3*x + 13 = -c, -5*x = -c - 3*c + 33. What is the units digit of q(x)?
5
Let l(j) = -20*j**3 + 5*j**2 - 9. Let q be l(-3). Suppose -2*v + 8*a - 4*a + q = 0, 0 = 3*v - 5*a - 867. What is the units digit of v?
4
Suppose 2*r = -a + 146459, 51*r = 46*r - 2*a + 366143. What is the hundreds digit of r?
2
Let v(y) = -14*y**3 - 8*y**2 - 8*y + 6. Let o be v(3). Let d = o + 1072. What is the units digit of d?
4
Suppose -5*i + 5*s + 5 = 0, 5*s = 4*i + 4*s - 1. Suppose m - 2*m + 29 = 0. Let p = m - i. What is the tens digit of p?
2
What is the ten thousands digit of 10275 - (22 + (-90)/18)?
1
Let o be (6 - 0) + 63 + -45. Suppose -2*s + 8235 = 5*r, -3*r + 4927 = o*s - 20*s. What is the hundreds digit of r?
6
Let j = -328 - -489. Let w = 171 - j. What is the tens digit of w?
1
Let q(j) be the first derivative of 3*j**3 - 3*j**2/2 + 21*j - 8. What is the tens digit of q(-6)?
6
Suppose 24 + 24 = -4*n. Let i be (1*4/n*0)/2. Suppose i*f + f + 3*l = 40, 3*f + 2*l - 92 = 0. What is the tens digit of f?
2
Let d be (2 - 18) + (4 - 2). Let y(v) = 20*v + 100. Let k be y(-5). What is the units digit of -1 - (k - d)*(-1)/2?
6
Suppose 6*v + v - 224 = 0. Suppose 0 = -4*f - v + 252. Suppose 2*l + 2*g - f = -3*g, -15 = -3*g. What is the tens digit of l?
1
Let p be (-16 + 7)/(-3) - (1 + 0). Suppose -4*r - p*u - 15 = u, -3*u = -4*r + 15. Suppose -13*d + 1166 + 589 = r. What is the units digit of d?
5
Let c be (-9)/(-4) - (-5 + (-21)/(-4)). Suppose k = -c*g - g + 3856, 2*g = k + 2579. Suppose -2*i + g = 9*i. What is the units digit of i?
7
Let n(t) = 3*t - 6. Let z be (46/(-6))/(5/(-30)). Suppose 5*x - 35 = 5*q + 25, -z = -5*x - 2*q. What is the units digit of n(x)?
4
Suppose 4945 = 3*t - 4*p - 720, -9419 = -5*t + p. Suppose 2*u - y - 886 = -132, t = 5*u - 3*y. What is the tens digit of u?
7
Let s(l) = 29*l**2 - 13*l + 5. Suppose -10*t + 5*t = -20. What is the hundreds digit of s(t)?
4
Suppose -625874 = -82*o + 25698. What is the tens digit of o?
4
Let x be (-3)/(1 - -14) + 4353/15. Suppose 0 = -12*w + x + 1018. What is the tens digit of w?
0
Suppose 5*u + 3*u + 32 = 0. Let c = 49 - u. Suppose c + 232 = 5*v. What is the tens digit of v?
5
Suppose 12*l = -224 - 208. What is the units digit of -1 - (-8126)/10 - l/90?
2
Let g = -3714 - -7042. What is the hundreds digit of g?
3
Suppose 2*w - y - 140 = 6*w, 5*w - 3*y + 158 = 0. Let c(z) = 1175*z - 2. Let t be c(2). What is the units digit of t/14 - w/119?
8
Let x(o) = 1215*o**2 + 1001*o - 6004. What is the tens digit of x(6)?
4
Suppose -p + 4*y - 10 - 4 = 0, 5*p = 5*y - 10. Let f(i) = 5*i + 5. Let r be f(p). What is the tens digit of (732/(-30))/((-6)/r) + -1?
6
Let y(h) = -2*h + 33. Let a be y(17). Let b be -2 + 4/(-2)*1/a. Suppose 5*u + 13*u - 288 = b. What is the units digit of u?
6
Suppose -4906*a = -4894*a - 127080. What is the ten thousands digit of a?
1
Suppose -3*o = 3 - 9. Let t be (3 - o)/((-5)/(-425)). Let z = t + -51. What is the tens digit of z?
3
Let c(g) = g**2 + 24*g + 123. Let v be c(-13). What is the hundreds digit of (600/16 - 3)*(0 - v)?
6
Suppose -37319 - 56372 = -13*a. What is the thousands digit of a?
7
Suppose -10*b - 19778 = -94018. What is the hundreds digit of b?
4
What is the units digit of 3818711/143 - 0 - (-12)/(-44)?
4
Let c(h) = -h**3 - 3*h**2 + h + 988. Let u be c(0). Suppose -t - k + u = -6*k, -3*t + 4*k = -3008. What is the tens digit of t?
0
What is the units digit of 6/(-20) + (-6727232)/(-640)?
1
Let z(p) be the third derivative of -p**6/60 - 3*p**5/20 + 5*p**4/24 + p**3 - 14*p**2. Let j be z(-5). What is the hundreds digit of j*(-114)/42*(-7 - 0)?
1
Suppose -4*b + 80 = -2*s, 4*b + s - 12 = 74. What is the units digit of (-4 + 160/15)/(2/b)?
0
Let p = -8096 + 14861. What is the thousands digit of p?
6
Let o(d) = -3*d**2 + 4*d + 2. Let x be o(-7). Let g = 379 + x. Suppose 4*m + g - 646 = 0. What is the hundreds digit of m?
1
Let o = -90130 - -182167. What is the thousands digit of o?
2
Suppose -2*c - 177 = -4*j + c, 41 = j - 4*c. What is the units digit of (-10)/45 - (-5365)/j?
9
Let o(v) = v**3 + 24*v**2 - 114*v - 51. Let z be o(-28). Suppose 5*k - 253 = 2*x, 0 = z*k - 13*x + 12*x - 249. What is the units digit of k?
9
Suppose 0 = 3*u - 46 + 16. Suppose -10 + u = 2*m. Suppose -n + 81 - 27 = m. What is the tens digit of n?
5
Let l = 36846 + -13397. What is the tens digit of l?
4
Suppose -20*x = -492035 + 522429 - 1223874. What is the tens digit of x?
7
Let c(u) = -4*u - 464. Let t be c(0). Let l(x) = -x**3 + 17*x**2 - 19*x + 33. Let p be l(16). What is the tens digit of 12/p - t/5?
9
Suppose -v - 66392 = -2*d, 145*d - 149*d + 132782 = -3*v. What is the thousands digit of d?
3
Let v(g) = 2 + 2 - 300*g - 7 + 7. What is the units digit of v(-1)?
4
Suppose k - 1838 - 226 = 0. Suppose -5*x = 2*d - k, -4*d + x - 3*x = -4144. What is the hundreds digit of d?
0
Suppose 0 = -16*p + 17*p - 473. Let f = p + -332. What is the units digit of f?
1
Suppose 0 = -4*q - j + 3822, -4*q + 4770 = q + 5*j. Suppose 3*z + h = q, -z - 2*h + 632 = z. What is the units digit of z?
0
Suppose -7*x + 2340 = -16*x. Let j = 1018 + x. What is the units digit of j?
8
Suppose -4*b = 11*b - 3840. Suppose 2*u - b - 624 = 0. What is the hundreds digit of u?
4
Let u be 8 - 5 - -303 - 4. Let v = u - 230. What is the tens